3)).
14
-10 - -8 - (7 + (4 - 7) + 12)
-18
What is the value of (-12 - (6 - ((-3 - -4) + 8))) + 29?
20
Evaluate -63 - (-57 + 18 + 3).
-27
What is -2 - (-4 + -8 + 5)?
5
What is the value of -10 + 4 + 4 + -5 + (16 - -4)?
13
Calculate -1 + -11 + (0 + (-14 - -7) - -14).
-5
What is the value of -161 + 176 + (-2 - -9)?
22
What is (-4 - -10) + -77 + 63 - (-1 - 13)?
6
What is (53 - 49) + 1 + 1 + -9 + 20?
17
-1 + -1 + 125 + -100 + -8
15
What is the value of (5 - 13) + (-3 - (-2 + 2) - -4)?
-7
What is the value of -18 - (4 - 2 - 8)?
-12
((21 - 8) + -5 - 6) + (-1 - 3)
-2
What is the value of 12 + (24 - (18 - -25))?
-7
Evaluate 59 + -57 + (-8 - (-1 + -1)) - -12.
8
-21 + (-8 - (6 - (7 + -2))) + 16
-14
What is the value of -13 + 0 - (33 - (-14 - -52))?
-8
Calculate (2 + 7 - 1) + (10 - 17 - 3).
-2
Evaluate 0 + (-2 - (-9 - 0) - 5) + 8.
10
Calculate -44 + (-29 + 43 - -17).
-13
What is the value of (5 - 7) + -17 + 20 + -2?
-1
(-5 - 6) + (124 - 118)
-5
What is (-10 + -2 - -24) + -29 + 11?
-6
What is 7 - (5 + -12 - -21) - -20?
13
Evaluate -10 + 9 - (-1 + 3) - -12 - -13.
22
11 - (-3 - (23 + -28))
9
Calculate (70 - 60) + -2 + -2.
6
Evaluate -6 - (1 - ((5 - 6) + 18) - -4).
6
Evaluate 0 - (-5 - -1) - (-7 + 0).
11
What is 10 + (7 + (7 - 20) - 7)?
-3
Calculate 9 + -16 + 4 + 11.
8
What is the value of 18 + (-27 - (-1 - -6)) + 19?
5
Evaluate -22 + (-27 - -14) - -11 - (-3 + -1).
-20
(-12 - -26) + (5 - (-7 + 2)) - -12
36
Calculate 22 + (10 - 26) + (-4 - 8).
-6
What is -16 - (2 + (2 - 2 - (-42 - -37)))?
-23
What is the value of 11 + (12 - 19) - (2 + -2)?
4
-2 - (-8 - (31 + -66))
-29
What is the value of 30 + -18 - ((5 - 7) + 33)?
-19
Calculate -14 - (-3 + 3 - 14).
0
(11 - (11 + -45)) + (-6 - 2)
37
Calculate 4 + -2 + (15 - 26) + 3.
-6
20 + -5 + 8 + -17
6
What is -1 - (3 - (3 - (-2 + 12)))?
-11
What is the value of (-2 - 9) + (6 - (-6 - -12)) - 1?
-12
Calculate (2 + 7 + -10 - 10) + -4.
-15
What is the value of 7 + -4 + -6 + 4 + 8?
9
What is (-2 - 0) + (3 - 4) + 3?
0
Calculate 5 - (-8 - (-6 - (12 + -19))).
14
16 + (-4 - (-20 - (-6 - (-8 + 12))))
22
What is 44 + -35 + (-9 - -21)?
21
-6 + (-16 - -32) + 14
24
Calculate (13 - (7 + -4) - -5) + 11 + -10.
16
What is the value of (14 - -2) + (-5 - 3) + 1?
9
What is the value of 3 + (2 - (-7 + 15)) - 5?
-8
-13 - (-12 + (9 - -3))
-13
13 + -47 + 15 + 16
-3
What is -13 - (10 + 0 + -8 + -3)?
-12
101 + -92 - (2 - 2)
9
What is (8 - 3) + (-2 - ((7 - 7) + 4))?
-1
What is the value of (-24 - -14) + 14 - 18?
-14
What is 0 + 2 + -8 - (9 + -16)?
1
What is the value of -10 - -18 - (-3 + 21) - (28 + -6)?
-32
What is -18 - (-46 - -8 - -10 - 9)?
19
22 + (9 - -3) - 5
29
(-5 - 1 - (-3 + 4 - 3)) + -4
-8
What is the value of 46 + (-20 - -11) - 26?
11
Calculate (-1 - 8) + 2 - (-39 + 28) - -12.
16
Evaluate 4 + -18 + 10 + 4.
0
Evaluate -15 - (-6 - (-2 + -2 + 5)) - 3.
-11
1 + -5 + (-9 - -20) + (1 - 6)
2
What is the value of (2 - (2 - -11)) + (2 - -1) + -3?
-11
Evaluate (11 - 32 - -11) + 27.
17
What is the value of (-21 - -6) + (43 - (23 - 15))?
20
What is the value of (-5 + -3 - -3) + 9?
4
What is -33 - (43 - 103) - (0 - 1)?
28
What is the value of 3 + -8 + 10 + 2?
7
Calculate -5 - (-19 - -10) - (1 + 2 + -3).
4
Evaluate (-5 - (2 + -1)) + 0 + -24 + 47.
17
-37 + 30 + 12 + 0 - (1 - 1)
5
Evaluate -3 + -1 - 34 - ((-13 - -24) + -19).
-30
14 - (15 + (-36 - -7 - -5))
23
What is the value of -1 + -8 - (-12 - -5)?
-2
What is the value of 8 - ((-1 - 2) + (55 - 60))?
16
Evaluate -10 + (-12 + 2 - 17) - (-1 + -5).
-31
Evaluate -7 + (7 - 20) + 22.
2
What is 36 + (19 - (60 + -9))?
4
What is 13 - (-10 + 13 + 7)?
3
What is the value of (10 - 6) + 3 + (-8 - 2)?
-3
What is 34 + -52 - -12 - (0 - 5)?
-1
2 - (30 - 29 - (1 - 29))
-27
What is the value of -11 + -2 - (39 + -46) - 7?
-13
Evaluate 3 + 4 - -3 - ((-34 - 3) + 39).
8
Calculate 8 + 11 + (15 - 34) + (-6 - 1).
-7
What is 10 - (-8 + (13 - 23))?
28
50 - 27 - (30 - 9)
2
What is 26 + -44 + (-13 - 5)?
-36
Calculate -1 + -11 + 4 + -3.
-11
10 - (19 + (-1 - (14 - (8 - -2))))
-4
Evaluate -5 - ((3 - 7) + 7 + 0 + 4).
-12
What is the value of -51 + 48 - (0 + -13) - 5?
5
Evaluate -15 + -9 + 18 - (2 + 1).
-9
Evaluate -8 - (3 - (-6 + 1 + 15)).
-1
Evaluate (4 - -2 - (-8 + (-4 - -23))) + 0.
-5
-25 - (-4 - 1) - (-43 - -41)
-18
(-29 - -16 - -3) + -10
-20
Calculate -47 + 57 - (51 + -6) - -6.
-29
What is the value of ((-4 - -4) + 0 + 2 - 1) + 5?
6
Calculate 3 + 4 + -6 + -6 + 11.
6
What is (0 + 2 - -2) + 20 + -13 + 1?
12
0 + -7 + (19 - 2) + -16
-6
What is the value of (-2 + 14 - (-6 - -9)) + -18?
-9
Calculate 24 + 3 - 24 - (-3 + -6 + 3).
9
-14 + (-28 - -49) + -31
-24
19 - (5 + 11 - 4)
7
What is the value of (77 - 61) + 4 + -17?
3
What is (11 - -14) + 5 + -20?
10
What is 3 + -2 - (0 + -9 + 8)?
2
7 - (-1 + 5 + -2) - -14
19
0 + -9 + 10 + 1
2
What is the value of -7 - -5 - (2 + 0 + (-14 - -4))?
6
What is 20 + (4 - 3 - (-1 + 5))?
17
What is (11 - 10 - 1) + -1?
-1
10 - (24 - 61 - -38)
9
What is 576 + -599 + 0 + -7?
-30
646 + -632 + (-1 - (2 + -8))
19
What is (5 - 2) + -79 + 83 - (7 - -1)?
-1
Calculate -5 - (-13 - (0 + -3 + 4)) - 0.
9
Evaluate (9 - -4) + -3 - 8 - (4 - 8).
6
Evaluate -7 + 8 + -9 - -15 - 12.
-5
What is the value of -1 + 2 + 4 + -8 - (-138 + 126)?
9
18 + 4 + (-17 - 11)
-6
Calculate 7 + (6 - (2 + (1 - (-3 - -5)))).
12
What is (36 - 33 - (-5 + 1)) + 8?
15
(2 - -7) + -1 - 4 - (14 + -9)
-1
17 - (-1 + 4 + -7 - (-2 + -1))
18
What is the value of -6 + 8 + 0 - 1?
1
-18 + (30 - -4) - 6
10
Evaluate -15 - (-15 - (-25 + 12)).
-13
Evaluate (5 - 7) + -8 + (24 - (6 + -2)).
10
What is the value of (17 - 22) + -9 - (8 - -10)?
-32
Calculate -6 - (0 + 3) - (-2 + 4).
-11
-4 - (-1 - (7 - -4) - (-13 + 8))
3
(87 - 88) + (6 + -2 - -3)
6
Calculate 4 - ((-14 + 24 - 8) + 1).
1
Calculate -21 + -9 + 46 - 34.
-18
Calculate 1 + 12 + (22 - (25 - -6)).
4
What is the value of (5 - (-8 + 13)) + 2 + -2?
0
-18 + (-21 - -36) - (-15 - (1 + -3))
10
-7 + (5 + -3 - 6) + (-156 - -141)
-26
What is the value of -1 - (-27 - -4 - -51)?
-29
What is the value of 8 + (-8 - (3 - 8)) - 8?
-3
Evaluate 5 + (10 - 29) + 4 + 19.
9
Evaluate -8 - -2 - (4 + -4 + -7).
1
23 + -8 + 44 + -70
-11
(-5 - (-1 - 0)) + -3 - -2
-5
-9 - (-47 - (-13 + 0))
25
Evaluate -9 - (20 + -34 + -27).
32
What is the value of (-4 - -6) + 34 + -47 - 8?
-19
Evaluate (-1 - -3) + 22 + -20 - 8.
-4
What is (3 - (-2 - -1 - -2)) + (-7 - 5)?
-10
What is the value of -5 + 4 + -5 - (-17 + -2 - -15)?
-2
Calculate (-6 - 4) + (-62 - -29 - -27).
-16
Evaluate -11 + 2 + 7 - (6 + 1).
-9
What is the value of 5 + 0 - (3 - 1) - (-15 - -10)?
8
13 - 5 - 14 - -5 - -3
2
What is the value of -29 + 4 + 21 - (-6 - 1)?
3
Evaluate -10 + -3 + -8 + 16.
-5
Calculate 6 + 1 + (2 - (5 + 15 + 1)).
-12
What is the value of 17 + 1 + 545 + -584?
-21
What is (-10 - 4) + 10 + 11?
7
Calculate 20 + (-41 - -48) - (11 - 1).
17
Calculate -16 + -28 + (6 - -16).
-22
-7 + (-4 - -7 - -3 - (1 - -12))
-14
Calculate 0 + -3 + (9 - 0) + -10 + 8.
4
(14 + -14 - 12) + -3 + 1 - 7
-21
What is the value of 3 + (2 - (-1 + (0 - -2))) - 25?
-21
Evaluate (-2 - (1 - 16)) + -91 + 80.
2
-20 - (-25 - (1 + -16)) - -31
21
Calculate (-7 - -1) + (-13 - 0) + -4 + 9.
-14
What is 14 + (-9 - (-2 + -3) - (0 - 0))?
10
Calculate 7 + (4 - (34 - 21)).
-2
2 + -4 - (3 + (-2 - (4 - 11)))
-10
30 - (7 - (-12 + 15))
26
What is the value of (-2 - -7) + (2 - 7 - (-24 - -9))?
15
What is 1 - (2 + 0) - (130 - 128)?
-3
(2 - 19) + (1 + 0 - -5)
-11
What is (10 - 11 - 9) + 12 + 1 + 4?
7
-25 + (25 - (-25 - -43))
-18
What is the value of -6 - ((5 - 17) + 4)?
2
Calculate 6 + 11 + (-14 - 5).
-2
Evaluate -3 + (-2 - (26 - 16)).
-15
Evaluate -2 - ((5 - 3) + 6 + (-4 - -4)).
-10
What is -9 - (-2 - (-4 + 2)) - (-133 - -128)?
-4
Evaluate 0 + 5 + 168 + -173 + (-1 - -1).
0
What is -39 + (2 - -8) + (-121 - -122)?
-28
What is the value of -17 + 13 + 7 + -14?
-11
Calculate 2 + -2 + -14 - -12 - (6 + 8).
-16
What is the value of (8 - (10 + -1 + (-58 - -57))) + 15?
15
What is the value of 3 - (17 - 23) - -18 - -9?
36
Calculate (-4 - (2 + -6)) + 0.
0
What is 54 + -3 - ((-8 - -39) + -14)?
34
-4 - (-4 - (6 - (6 - -9)) - 3)
-6
What is -24 - (0 - 4) - (-200 + 199)?
-19
Calculate 2 + (14 + -3 - (-30 + 34)).
9
2 + (6 - (5 + -3) - -6)
12
-27 + (40 - 7) + 7
13
Calculate (6 - (5 + 26)) + (-2 - 5).
-32
Calculate 3 - (-9 - (-3 - -10)).
19
Calculate